ose 0 = 4*l - 37 + 1. What is the greatest common factor of 3 and l?
3
Suppose -2*d - 11 = -3*d. Calculate the greatest common divisor of d and 121.
11
Let o(z) = -z**3 - 2*z**2 + z + 6. Let y be o(-3). Calculate the greatest common divisor of 20 and y.
4
Suppose 5*n + 3*q - 424 - 932 = 0, -3*n - 5*q = -820. What is the greatest common divisor of n and 30?
30
Let x = 4 + -19. Let u be (-292)/(-6) + 10/x. Calculate the greatest common factor of 12 and u.
12
Let t = -71 - -129. Let o = t + -34. What is the highest common divisor of o and 8?
8
Suppose 3*z + 259 = 1099. Suppose -z = -4*h - h. Calculate the highest common factor of 8 and h.
8
Suppose 0*s = 3*s - 216. What is the highest common divisor of 8 and s?
8
Let m = 3 - -4. What is the greatest common divisor of 35 and m?
7
Let c = -228 - -425. Suppose -c = -6*p + 307. What is the greatest common factor of 12 and p?
12
Suppose -3*f - i = -6*f + 551, 0 = -f - 3*i + 167. Let h = 77 + -51. Calculate the greatest common divisor of f and h.
26
Suppose 4*x - 65 = 5*r, -3*x - r + 0*r + 25 = 0. Let j = 23 - x. What is the highest common divisor of j and 104?
13
Suppose 13 = 3*w + 1. Let l(j) = 6*j + 8. Let p be l(w). What is the highest common divisor of 48 and p?
16
Let k be 5/25 + 29/5. Let h(b) = b**2 - 7*b + 15. Let l be h(6). What is the greatest common factor of k and l?
3
Let p = 12 + -4. Let h be -7*(-2 - -4)/2. Let j = h - -11. Calculate the highest common divisor of j and p.
4
Suppose -2*v - 3*v = 0. Let l = 1 - v. What is the highest common factor of l and 2?
1
Let l be (27/(-2))/(-3)*2. Suppose b = -b + 4. Let g be (-1086)/(-15) - b/5. What is the highest common divisor of g and l?
9
Suppose 2*q = -c - 4, 0*c - c + 31 = -5*q. Suppose h + h - 6 = 0. What is the highest common factor of c and h?
3
Let z(f) = f**2 - 18*f - 17. Let p be z(21). Calculate the highest common factor of 368 and p.
46
Let u(y) = 4*y + 1. Let f = 13 - 7. Let j be u(f). Let x = j + -7. Calculate the greatest common divisor of x and 27.
9
Suppose -3 = -z - 1. Suppose 0 = -z*n - 4*k + 16, k - 4 = -3*n - 5. Let q = n - -17. Calculate the highest common factor of q and 60.
15
Let p = -15 - -9. Let l be 9/p*(-44)/3. What is the greatest common factor of l and 11?
11
Let n = -573 + 989. Suppose -n = -l - 3*l. Let m(q) = q + 5. Let o be m(8). Calculate the greatest common divisor of l and o.
13
Let i = 19 - 17. Let z(y) = 5*y - 1. Let u be z(i). Calculate the greatest common divisor of u and 63.
9
Suppose -15 = -3*v + 27. Calculate the highest common factor of 42 and v.
14
Let w = 7 + -4. Let k be (-29 + 2)/(w/(-4)). What is the highest common factor of 9 and k?
9
Let x(r) = -9*r - 1. Suppose -3*f = -4*f - 1. Let o be 1*f*(-1 - -2). Let g be x(o). What is the greatest common divisor of g and 72?
8
Let s be 0 + 1 + -2 - -5. Suppose p + 4 - 20 = 3*v, 5*p = -2*v + 46. Calculate the greatest common divisor of p and s.
2
Let y be 273/(-2)*(76/(-12) + 5). Calculate the greatest common factor of y and 26.
26
Let k be 20/2*(-8)/(-20). Suppose -k*h = -59 - 5. Let v = 15 - -49. What is the greatest common divisor of h and v?
16
Suppose u + 3*u + 4*j = 344, -12 = 3*j. Let h = 13 + -16. Let l be -2 + (-54)/h + -1. What is the highest common divisor of l and u?
15
Let g = 4 - 0. Let c be 1/g - (-21)/12. Calculate the highest common divisor of 1 and c.
1
Let u = 137 - 29. Calculate the greatest common divisor of 48 and u.
12
Let o = 3 - -1. Calculate the greatest common factor of o and 44.
4
Let p = 207 - -112. Let n = -193 + p. What is the greatest common factor of 18 and n?
18
Let y(w) = 6*w - 9. Let z be y(12). Suppose 4*k - 6*k + 18 = 0. Calculate the greatest common factor of k and z.
9
Let b(m) = m**3 + 9*m**2 - 6*m + 8. Let w = -9 - -4. Let k(h) = -h**2 - 3*h + 2. Let l be k(w). Let g be b(l). What is the greatest common factor of 48 and g?
24
Suppose 0 = 6*m - 7*m + 143. Calculate the greatest common factor of 11 and m.
11
Suppose -13 = -4*l + 15. Suppose 3*q + q = 308. Calculate the highest common divisor of q and l.
7
Let q be 41 + -1 + -2 + 1. Let y = -4 + 30. Suppose i - 2*i + y = 0. What is the highest common divisor of i and q?
13
Let d(q) = q**2 - q. Let m be d(-1). What is the highest common factor of 22 and m?
2
Let j be (-2)/(-6) + 20/12. Suppose j*n - 15 = n. Let q = -4 - -19. What is the highest common divisor of q and n?
15
Let n = 57 + -31. Calculate the highest common factor of n and 13.
13
Let t(z) be the second derivative of 11*z**4/6 + z**2 + 2*z. Let i be t(-2). Let f = 16 - -20. Calculate the highest common factor of i and f.
18
Let t = 56 - 46. Let w(n) = -2 + n + n**2 + 5*n - 5*n. Let y be w(2). What is the greatest common divisor of t and y?
2
Let m(h) = -h - 12. Let o be m(-7). Let w(d) = -d**3 - d**2 + 6*d + 5. Let y be w(o). Let p = 185 - y. Calculate the greatest common factor of 10 and p.
10
Let q(p) = 6*p**2 + p + 6. Let f be (-4)/18 - 188/(-36). Let g be q(f). Let z = g + -51. What is the greatest common factor of z and 10?
10
Let n be (-12)/8*160/6. Let x be 128/n*110/(-4). What is the greatest common factor of x and 11?
11
Suppose 0 = k + k - 16. Let t = -4 + 16. What is the highest common factor of k and t?
4
Let z be 1/(-4) - 132/(-16). Let a = z - -4. What is the highest common divisor of 4 and a?
4
Let q be 1 - 2 - (-127 - 0). Let r(n) = 4*n - 6. Let s be r(5). Calculate the greatest common divisor of s and q.
14
Let w(h) = h**3 + 19*h**2 + 49*h + 18. Let p be w(-16). Calculate the greatest common factor of p and 38.
2
Let z = -12 + 21. Calculate the highest common divisor of 99 and z.
9
Let y(z) = -z**3 + 9*z**2 - 2*z - 31. Let o be y(7). What is the highest common factor of 424 and o?
53
Suppose b - 28 = -4*l, 0 = -b + 2*l + 8 - 4. Calculate the highest common divisor of b and 108.
12
Let f(l) = -l**2 + 6*l + 1. Let w be f(3). What is the highest common divisor of w and 50?
10
Let h(a) = -a**2 - 3*a + 4. Let z(w) = 2*w**3 - 2*w**2 - 3*w - 2. Let n be z(-1). Let y be h(n). What is the highest common divisor of y and 44?
4
Let k be (-1)/(-3) - (22/(-6) - 1). What is the highest common factor of 45 and k?
5
Suppose -4*a + 5*a + 4*l = -19, 2*a + l = -3. Let n(i) = 4*i - 18. Let d be n(5). What is the greatest common divisor of d and a?
1
Let z be (-51)/(-5) - 8/(-10). What is the highest common divisor of 1 and z?
1
Suppose 3*z = z - 2. Let f be -3 - ((-1)/z - 64). What is the greatest common divisor of f and 24?
12
Suppose -4*z - 64 = -2*k, 0 = -0*z + 2*z + 8. Calculate the highest common divisor of 24 and k.
24
Let l(t) = t**3 - 5*t**2 + 6*t - 1. Let k be l(4). Suppose -2*a = -k*a + 25. What is the highest common divisor of a and 15?
5
Let p(m) = -m - 1. Let a be p(-2). Let b = 13 - a. Suppose 4 = t - 4*w, 0 = 5*w + 3 - 13. Calculate the greatest common factor of t and b.
12
Let l(t) = t + 7. Let y be l(9). Calculate the greatest common factor of y and 32.
16
Let a = 15 + -25. Let j be ((-3)/(6/(-4)))/1. Let w be j/1*a/(-4). What is the highest common divisor of w and 10?
5
Let j be ((-18)/15)/(4/(-10)). Suppose -j*y + 3 + 24 = 0. Let a be 2/(-4) + 26/4. What is the greatest common divisor of y and a?
3
Suppose 3*o = -o + 8. Let t(w) = 2*w - 6. Let z be t(5). Let g = z - -4. Calculate the greatest common divisor of o and g.
2
Let x(y) = y + 6. Let m be x(2). What is the greatest common factor of 88 and m?
8
Let w = 274 - 164. Let l(i) = -1. Let f(c) = c**2 + 7*c + 7. Let v(m) = f(m) - 3*l(m). Let n be v(-7). What is the greatest common factor of w and n?
10
Let o = -1 + 3. Suppose 0 = -3*b + y + 14, y + 11 = o*b + 3. Suppose 2*g = 4*g - 5*a - 28, -8 = -4*g - 2*a. Calculate the greatest common factor of g and b.
2
Suppose -5*s = 4*x - 177, s + 168 = 6*s + x. Let b = 61 - 50. Calculate the greatest common divisor of b and s.
11
Suppose 8*h - 13*h + 25 = 0. What is the highest common factor of h and 55?
5
Suppose 4*v - 63 = v. Let s be ((-22)/(-77))/(2/28). Suppose -k + 3*o = -7, 4*k = -s*o - 5 + 33. Calculate the greatest common divisor of k and v.
7
Suppose -7*y + 9 = 2*y. What is the highest common factor of 8 and y?
1
Suppose 3*y - 41 = -d, 5*d - y - 149 = -2*y. What is the greatest common divisor of d and 145?
29
Let x(g) = 2*g**2 - 4*g - 13. Let y(k) = k**2 - 1. Let b(z) = -x(z) + y(z)